se 10.
2596
What is 2062 (base 7) in base 9?
1001
5667 (base 8) to base 14
1143
Convert b1e (base 15) to base 4.
213020
What is -5530 (base 8) in base 7?
-11316
Convert -100111001111 (base 2) to base 10.
-2511
Convert -2202 (base 5) to base 16.
-12e
Convert 14444 (base 6) to base 8.
4434
Convert -110100100 (base 2) to base 12.
-2b0
Convert -1a5 (base 11) to base 6.
-1032
What is -33040 (base 6) in base 9?
-6226
What is -1101100011001111 (base 2) in base 14?
-16327
Convert -4882 (base 12) to base 15.
-2642
Convert 3d (base 16) to base 11.
56
646 (base 10) to base 2
1010000110
What is b52a (base 16) in base 3?
2100121201
What is -112003 (base 4) in base 15?
-641
What is 211434 (base 5) in base 2?
1101111001111
1010021 (base 3) to base 16
331
Convert -1012210 (base 5) to base 14.
-6067
Convert 398 (base 15) to base 8.
1462
Convert -3031 (base 7) to base 10.
-1051
-3121 (base 13) to base 10
-6787
What is -10302 (base 8) in base 15?
-1410
-87 (base 13) to base 2
-1101111
Convert 1039 (base 15) to base 16.
d65
What is -13373 (base 11) in base 5?
-1102302
Convert -115a (base 13) to base 8.
-4611
-3849 (base 14) to base 11
-7459
-2307 (base 13) to base 9
-6653
What is -566 (base 10) in base 4?
-20312
2d3 (base 16) to base 9
883
-1106 (base 13) to base 10
-2372
What is 326 (base 15) in base 13?
429
What is -443 (base 7) in base 4?
-3203
-13060 (base 8) to base 11
-42a4
What is -4dc (base 14) in base 5?
-12403
What is 13533 (base 7) in base 5?
104244
Convert -ca (base 16) to base 5.
-1302
What is -102211 (base 5) in base 16?
-d67
-321 (base 8) to base 13
-131
20178 (base 11) to base 9
44404
103100130 (base 4) to base 7
445650
Convert 21c9 (base 15) to base 6.
53100
What is 1212210 (base 5) in base 12?
11245
Convert 361 (base 9) to base 11.
251
Convert 904 (base 15) to base 13.
c01
What is 2e1 (base 15) in base 16?
295
-25341 (base 7) to base 4
-1220211
110 (base 8) to base 4
1020
Convert -13044 (base 6) to base 15.
-8b7
Convert 2777 (base 10) to base 2.
101011011001
Convert -101001010111 (base 2) to base 11.
-1a97
Convert 187 (base 10) to base 6.
511
-24117 (base 8) to base 2
-10100001001111
1001011011 (base 2) to base 16
25b
-26718 (base 11) to base 2
-1001010011110110
Convert -101000100000111 (base 2) to base 14.
-77b9
Convert c7 (base 14) to base 4.
2233
What is -2220110 (base 4) in base 3?
-112202222
Convert 1c6 (base 16) to base 11.
383
18934 (base 13) to base 3
2102102201
Convert -3a33 (base 12) to base 3.
-100010210
What is 110002 (base 4) in base 13?
778
What is -30014 (base 11) in base 2?
-1010101110100010
-1600 (base 12) to base 8
-5040
What is -479 (base 10) in base 7?
-1253
-3204 (base 6) to base 13
-439
961 (base 11) to base 6
5204
497c (base 14) to base 9
18557
-960 (base 12) to base 3
-1212200
Convert -11122 (base 4) to base 2.
-101011010
What is 14d0 (base 14) in base 3?
12002102
14000 (base 8) to base 15
1c49
Convert 43203 (base 5) to base 11.
2222
-2528 (base 13) to base 4
-1102121
What is 85 (base 12) in base 7?
203
10043 (base 5) to base 10
648
-806 (base 9) to base 12
-466
c0c (base 14) to base 7
6615
What is 34623 (base 7) in base 10?
8886
What is 859b (base 12) in base 15?
4528
Convert -3213333 (base 4) to base 3.
-202100220
What is 80 (base 11) in base 14?
64
20203 (base 4) to base 14
2b1
Convert 11000111100011 (base 2) to base 7.
52143
What is -302132 (base 6) in base 14?
-8972
What is 40 (base 13) in base 2?
110100
Convert 21102202 (base 3) to base 12.
3178
Convert -11468 (base 11) to base 4.
-10002102
2607 (base 8) to base 10
1415
Convert 11435 (base 6) to base 3.
2022012
147a7 (base 11) to base 6
240521
Convert 9932 (base 15) to base 14.
bb79
What is -405 (base 15) in base 7?
-2432
Convert 221320 (base 7) to base 4.
21200020
-1111002 (base 5) to base 11
-1371a
-20212020 (base 3) to base 7
-20403
What is -1502 (base 11) in base 4?
-132102
-123120 (base 4) to base 9
-2356
What is -16fb (base 16) in base 11?
-4469
What is 272 (base 8) in base 11?
15a
-36a4 (base 11) to base 13
-227a
112000122 (base 3) to base 14
3a23
What is 1030 (base 8) in base 3?
201212
610 (base 15) to base 9
1776
Convert -642 (base 11) to base 16.
-304
23445 (base 8) to base 15
2e81
Convert 1010 (base 13) to base 9.
3025
Convert 1a35 (base 12) to base 11.
2458
What is 1012 (base 9) in base 14?
3ac
What is 27621 (base 8) in base 5?
342202
What is -5a7 (base 12) in base 3?
-1011101
What is -4680 (base 9) in base 6?
-24030
What is -10220010 (base 3) in base 7?
-11163
What is 145222 (base 7) in base 14?
a412
Convert daa (base 15) to base 6.
22141
Convert -369c (base 13) to base 2.
-1111000110110
What is 5546 (base 10) in base 12?
3262
Convert 2521 (base 9) to base 13.
b1a
440 (base 7) to base 15
ee
Convert 155b0 (base 12) to base 14.
b032
What is 323404 (base 5) in base 3?
120020021
Convert -11 (base 11) to base 7.
-15
What is 100001000 (base 2) in base 13?
174
43444 (base 5) to base 7
11513
-10182 (base 14) to base 6
-455142
What is 3431 (base 8) in base 4?
130121
What is -100011000011110 (base 2) in base 12?
-a47a
-10100100111 (base 2) to base 16
-527
What is -248 (base 14) in base 2?
-111001000
329 (base 11) to base 6
1454
Convert 2677 (base 11) to base 3.
11202121
33030 (base 4) to base 6
4300
Convert -30b9 (base 14) to base 5.
-232040
What is -1101 (base 10) in base 16?
-44d
47c (base 16) to base 5
14043
What is -140404 (base 8) in base 15?
-e992
-3a0c (base 13) to base 7
-33115
Convert -10110100011011 (base 2) to base 8.
-26433
Convert 2194 (base 10) to base 2.
100010010010
5200 (base 6) to base 15
51c
What is 1230 (base 6) in base 8?
462
-32010 (base 4) to base 16
-384
Convert -1b3 (base 16) to base 12.
-303
Convert -1002202 (base 3) to base 8.
-1443
Convert -30480 (base 9) to base 6.
-232543
-302 (base 10) to base 3
-102012
What is -3b (base 16) in base 14?
-43
What is -4da (base 14) in base 3?
-1100011
Convert -369 (base 15) to base 14.
-3d4
Convert -221001111 (base 3) to base 15.
-562a
Convert 5a80 (base 14) to base 13.
725a
Convert -21302 (base 6) to base 16.
-b66
Convert -223 (base 9) to base 12.
-133
-a53 (base 14) to base 13
-c05
Convert 9e81 (base 16) to base 3.
2001122212
101011 (base 3) to base 10
274
What is -453221 (base 6) in base 8?
-112655
Convert 3954 (base 11) to base 4.
1100111
Convert -45012 (base 6) to base 16.
-1880
Convert 17023 (base 11) to base 6.
303011
11100110 (base 2) to base 13
149
Convert -1220000 (base 3) to base 4.
-111201
What is 3211 (base 11) in base 2?
1000010010111
2254 (base 13) to base 4
1023001
Convert 14319 (base 10) to base 2.
11011111101111
Convert 1070 (base 8) to base 16.
238
Convert -256010 (base 7) to base 5.
-3011214
What is -21001 (base 3) in base 8?
-276
What is 22011211 (base 3) in base 14?
225c
-25200 (base 6) to base 7
-13626
Convert -74 (base 14) to base 4.
-1212
What is -1d6 (base 15) in base 4?
-12222
What is c6f (base 16) in base 12?
1a13
What is 10101000110 (base 2) in base 10?
1350
What is -1120 (base 3) in base 6?
-110
Convert 102010 (base 4) to base 9.
1524
Convert -31013 (base 7) to base 4.
-1312010
3777 (base 9) to base 12
1774
What is -1634 (base 14) in base 9?
-5386
4d2d (base 15) to base 10
16468
Convert 2097 (base 14) to base 8.
12765
Convert 9563 (base 10) to base 13.
4478
What is -1317 (base 10) in base 15?
-5cc
Convert 1de4 (base 15) to base 3.
22221021
Convert 11449 (base 10) to base 13.
5299
Convert -1945 (base 10) to base 3.
-2200001
141450 (base 7) to base 11
19302
-7 (base 9) to base 14
-7
552 (base 7) to base 10
282
Convert 829 (base 14) to base 7.
4452
What is 367 (base 9) in base 7?
613
What is -222113 (base 4) in base 9?
-3642
What is -43436 (base 7) in base 12?
-6348
3630 (base 16) to base 13
6411
Convert 24232 (base 8) to base 4.
2202122
What is -1412 (base 16) in base 5?
-131023
Convert -1400 (base 13) to base 3.
-10221102
147 (base 14) to base 10
259
What is 806 (base 10) in base 7?
2231
What is -741 (base 16) in base 10?
-1857
-120012 (base 3) to base 8
-632
Convert 6802 (base 9) to base 12.
2aa8
What is -2031 (base 8) in base 14?
-54d
-18473 (base 9) to base 15
-3bc3
Convert 10220100 (base 3) to base 2.
101100011100
Convert 1000100101 (base 2) to base 15.
269
Convert 3002 (base 5) to base 14.
1cd
What is -11222 (base 9) in base 7?
-30533
Convert -2053 (base 6) to ba